{"id":7213,"date":"2022-07-08T09:55:36","date_gmt":"2022-07-08T06:55:36","guid":{"rendered":"https:\/\/www.academy.police.md\/?page_id=7213"},"modified":"2026-08-17T14:35:41","modified_gmt":"2026-08-17T11:35:41","slug":"oferta-educationala-cursuri-formare-profesionala","status":"publish","type":"page","link":"https:\/\/academy.police.md\/gb\/directia-dezvoltare-profesionala\/oferta-educationala-cursuri-formare-profesionala","title":{"rendered":"Oferta educationala cursuri formare profesional\u0103"},"content":{"rendered":"\n<p><strong>Calendarul activit\u0103\u021bilor de instruire<\/strong> <strong>a cursurilor de formare continu\u0103 (perfec\u021bionare\/specializare\/recalificare),<\/strong> <strong>anul de studii 2026 \u2013 2027<\/strong> <em><strong>(<\/strong><\/em><strong><em>Ordinul MAI nr. 287 din 11.06.2026)<\/em><\/strong><\/p>\n\n\n\n<p><strong>Semestrul I Anul 2026-2027<\/strong><\/p>\n\n\n\n<figure class=\"wp-block-table\"><table><tbody><tr><td><strong>Nr.<\/strong> <strong>crt.<\/strong><\/td><td><strong>Denumirea cursului<\/strong><\/td><td><strong>Num\u0103r de ore<\/strong><\/td><td><strong>Perioada desf\u0103\u015fur\u0103rii<\/strong><\/td><td><strong>Planificat<\/strong><\/td><\/tr><tr><\/tr><tr><\/tr><tr><\/tr><tr><\/tr><tr><\/tr><tr><\/tr><tr><\/tr><tr><\/tr><tr><\/tr><tr><td>1<\/td><td><strong>Prevenirea \u015fi combaterea traficului de fiin\u021be umane<\/strong><\/td><td>40<\/td><td><strong>07.09.2026-11.09.2026<\/strong><\/td><td>25<\/td><\/tr><tr><\/tr><tr><\/tr><tr><\/tr><tr><\/tr><tr><\/tr><tr><\/tr><tr><\/tr><tr><\/tr><tr><\/tr><tr><td>2<\/td><td><strong>Combaterea corup\u021biei \u0219i integritatea institu\u021bional\u0103<\/strong><\/td><td>24<\/td><td><strong>14.09.2026-16.09.2026<\/strong><\/td><td>30<\/td><\/tr><tr><\/tr><tr><\/tr><tr><\/tr><tr><\/tr><tr><\/tr><tr><\/tr><tr><\/tr><tr><\/tr><tr><\/tr><tr><td>3<\/td><td><strong>Traficul de droguri<\/strong><\/td><td>24<\/td><td><strong>21.09.2026-23.09.2026<\/strong><\/td><td>25<\/td><\/tr><tr><\/tr><tr><\/tr><tr><\/tr><tr><\/tr><tr><\/tr><tr><\/tr><tr><\/tr><tr><\/tr><tr><\/tr><tr><td>4<\/td><td><strong>Prevenirea \u0219i combaterea violen\u021bei \u00een familie (I)<\/strong><\/td><td>40<\/td><td><strong>28.09.2026-02.10.2026<\/strong><\/td><td>27<\/td><\/tr><tr><\/tr><tr><\/tr><tr><\/tr><tr><\/tr><tr><\/tr><tr><\/tr><tr><\/tr><tr><\/tr><tr><\/tr><tr><td>5<\/td><td><strong>Gestionarea frontierelor<\/strong><\/td><td>24<\/td><td><strong>05.10.2026-07.10.2026<\/strong><\/td><td>20<\/td><\/tr><tr><\/tr><tr><\/tr><tr><\/tr><tr><\/tr><tr><\/tr><tr><\/tr><tr><\/tr><tr><\/tr><tr><\/tr><tr><td>6<\/td><td><strong>Formare de formatori<\/strong> <strong>Cu suportul proiectului EU4security Moldova<\/strong><\/td><td>120<\/td><td><strong>septembrie \u2013 octombrie 2026<\/strong><\/td><td>20<\/td><\/tr><tr><\/tr><tr><\/tr><tr><\/tr><tr><\/tr><tr><\/tr><tr><\/tr><tr><\/tr><tr><\/tr><tr><\/tr><tr><td>7<\/td><td><strong>Activitatea special\u0103 de investiga\u021bii<\/strong><strong>(I)<\/strong><\/td><td>40<\/td><td><strong>19.10.2026-23.10.2026<\/strong><\/td><td>20<\/td><\/tr><tr><\/tr><tr><\/tr><tr><\/tr><tr><\/tr><tr><\/tr><tr><\/tr><tr><\/tr><tr><\/tr><tr><\/tr><tr><td>8<\/td><td><strong>Ordine public\u0103 (I)<\/strong><\/td><td>40<\/td><td><strong>26.10.2026-30.10.2026<\/strong><\/td><td>25<\/td><\/tr><tr><\/tr><tr><\/tr><tr><\/tr><tr><\/tr><tr><\/tr><tr><\/tr><tr><\/tr><tr><\/tr><tr><\/tr><tr><td>9<\/td><td><strong>Combaterea traficului de migran\u021bi<\/strong><strong>(I)<\/strong> <strong>Cu suportul partenerilor<\/strong><strong>(proiect TOPCOP)<\/strong><\/td><td>24<\/td><td><strong>02.11.2026-04.11.2026<\/strong><\/td><td>20<\/td><\/tr><tr><\/tr><tr><\/tr><tr><\/tr><tr><\/tr><tr><\/tr><tr><\/tr><tr><\/tr><tr><\/tr><tr><\/tr><tr><td>10<\/td><td><strong>Curs de recalificare \u00een domeniul: Activitatea de urm\u0103rire penal\u0103<\/strong><\/td><td>80<\/td><td><strong>02.11.2026-13.11.2026<\/strong><\/td><td>Num\u0103r neprev\u0103zut de angaja\u021bi<\/td><\/tr><tr><\/tr><tr><\/tr><tr><\/tr><tr><\/tr><tr><\/tr><tr><\/tr><tr><\/tr><tr><\/tr><tr><\/tr><tr><td>11<\/td><td><strong>Combaterea discrimin\u0103rii \u0219i protec\u021bia drepturilor omului (I)<\/strong><\/td><td>24<\/td><td><strong>16.11.2026-18.11.2026<\/strong><\/td><td>30<\/td><\/tr><tr><\/tr><tr><\/tr><tr><\/tr><tr><\/tr><tr><\/tr><tr><\/tr><tr><\/tr><tr><\/tr><tr><\/tr><tr><td>12<\/td><td><strong>Exploatarea sexual\u0103 a copiilor<\/strong><\/td><td>24<\/td><td><strong>16.11.2026-18.11.2026<\/strong><\/td><td>20<\/td><\/tr><tr><\/tr><tr><\/tr><tr><\/tr><tr><\/tr><tr><\/tr><tr><\/tr><tr><\/tr><tr><\/tr><tr><\/tr><tr><td>13<\/td><td><strong>Managementul documentelor publice \u0219i competen\u021be transversale pentru eficien\u021b\u0103 administrativ\u0103<\/strong><\/td><td>16<\/td><td><strong>19.11.2026-20.11.2026<\/strong><\/td><td>25<\/td><\/tr><tr><\/tr><tr><\/tr><tr><\/tr><tr><\/tr><tr><\/tr><tr><\/tr><tr><\/tr><tr><\/tr><tr><\/tr><tr><td>14<\/td><td><strong>Consolidarea capacit\u0103\u0163ilor \u00een domeniul ADN<\/strong><\/td><td>40<\/td><td><strong>23.11.2026-27.11.2026<\/strong><\/td><td>20<\/td><\/tr><tr><\/tr><tr><\/tr><tr><\/tr><tr><\/tr><tr><\/tr><tr><\/tr><tr><\/tr><tr><\/tr><tr><\/tr><tr><td>15<\/td><td><strong>Activitatea de urm\u0103rire penal\u0103 (I)<\/strong><\/td><td>40<\/td><td><strong>30.11.2026-04.12.2026<\/strong><\/td><td>25<\/td><\/tr><tr><\/tr><tr><\/tr><tr><\/tr><tr><\/tr><tr><\/tr><tr><\/tr><tr><\/tr><tr><\/tr><tr><\/tr><tr><td>16<\/td><td><strong>Constatarea \u015fi documentarea contraven\u0163iilor<\/strong><\/td><td>40<\/td><td><strong>07.12.2026-11.12.2026<\/strong><\/td><td>25<\/td><\/tr><tr><\/tr><tr><\/tr><tr><\/tr><tr><\/tr><tr><\/tr><tr><\/tr><tr><\/tr><tr><\/tr><tr><\/tr><tr><td>17<\/td><td><strong>Etichet\u0103 \u015fi protocol institu\u0163ional<\/strong><\/td><td>16<\/td><td><strong>14.12.2026-15.12.2026<\/strong><\/td><td>18<\/td><\/tr><\/tbody><\/table><\/figure>\n\n\n\n<p><strong>Semestrul II Anul 2026-2027<\/strong><\/p>\n\n\n\n<figure class=\"wp-block-table\"><table><tbody><tr><td><strong>Nr.<\/strong> <strong>crt.<\/strong><\/td><td><strong>Denumirea cursului<\/strong><\/td><td><strong>Num\u0103r de ore<\/strong><\/td><td><strong>Perioada desf\u0103\u015fur\u0103rii<\/strong><\/td><td><strong>Planificat<\/strong><\/td><\/tr><tr><td>1<\/td><td><strong>Interven\u021bia profesional\u0103 (Tehnician)<\/strong><\/td><td>80<\/td><td><strong>18.01.2027-29.01.2027<\/strong><\/td><td>25<\/td><\/tr><tr><td>2<\/td><td><strong>Curs de recalificare \u00een domeniul: Activitatea special\u0103 de investiga\u021bii<\/strong><\/td><td>80<\/td><td><strong>01.02.2027<\/strong><strong>&#8211;<\/strong><strong>12.02.2027<\/strong><\/td><td>Num\u0103r neprev\u0103zut de angaja\u021bi<\/td><\/tr><tr><td>3<\/td><td><strong>Trafic ilicit de arme<\/strong><\/td><td>24<\/td><td><strong>15.02.2027-17.02.2027<\/strong><\/td><td>20<\/td><\/tr><tr><td>4<\/td><td><strong>Activitatea de urm\u0103rire penal\u0103 (II)<\/strong><\/td><td>40<\/td><td><strong>22.02.2027-26.02.2027<\/strong><\/td><td>25<\/td><\/tr><tr><td>5<\/td><td><strong>Combaterea traficului de migran\u021bi<\/strong><strong>(II)<\/strong> <strong>Cu suportul partenerilor<\/strong><strong>(proiect TOPCOP)<\/strong><\/td><td>24<\/td><td><strong>01.03.2027-03.03.2027<\/strong><\/td><td>20<\/td><\/tr><tr><td>6<\/td><td><strong>Formare de formatori<\/strong> <em><strong>Cu suportul proiectului EU4security Moldova<\/strong><\/em><\/td><td>120<\/td><td><strong>februarie\u2013 aprilie 2027<\/strong><\/td><td>20<\/td><\/tr><tr><td>7<\/td><td><strong>Prevenirea \u015fi combaterea traficului de fiin\u021be umane (II)<\/strong><\/td><td>40<\/td><td><strong>15.03.2027-19.03.2027<\/strong><\/td><td>25<\/td><\/tr><tr><td>8<\/td><td><strong>Cercetarea la fa\u0163a locului<\/strong><\/td><td>40<\/td><td><strong>22.03.2027-26.03.2027<\/strong><\/td><td>20<\/td><\/tr><tr><td>9<\/td><td><strong>Prevenirea \u0219i combaterea violen\u021bei \u00een familie (II)<\/strong><\/td><td>40<\/td><td><strong>29.03.2027-02.04.2027<\/strong><\/td><td>20<\/td><\/tr><tr><td>10<\/td><td><strong>Ordine public\u0103 (II)<\/strong><\/td><td>40<\/td><td><strong>05.04.2027-09.04.2027<\/strong><\/td><td>25<\/td><\/tr><tr><td>11<\/td><td><strong>Activitatea special\u0103 de investiga\u021bii (II)<\/strong><\/td><td>40<\/td><td><strong>12.04.2027-16.04.2027<\/strong><\/td><td>25<\/td><\/tr><tr><td>12<\/td><td><strong>Criminalitate informatic\u0103 \u0219i investiga\u021bii digitale<\/strong><\/td><td>24<\/td><td><strong>19.04.2027-21.04.2027<\/strong><\/td><td>20<\/td><\/tr><tr><td>13<\/td><td><strong>Combaterea discrimin\u0103rii \u0219i protec\u021bia drepturilor omului (II)<\/strong><\/td><td>24<\/td><td><strong>26.04.2027-28.04.2027<\/strong><\/td><td>30<\/td><\/tr><tr><td>14<\/td><td><strong>Migra\u021bie \u0219i Azil<\/strong><\/td><td>40<\/td><td><strong>17.05.2027-21.05.2027<\/strong><\/td><td>20<\/td><\/tr><tr><td>15<\/td><td><strong>Interven\u021bia profesional\u0103 (Tehnician)<\/strong><\/td><td>80<\/td><td><strong>24.05.2027-04.06.2027<\/strong><\/td><td>25<\/td><\/tr><tr><td>16<\/td><td><strong>Comunicarea eficient\u0103 \u00een context profesional<\/strong><\/td><td>24<\/td><td><strong>31.05.2027-02.06.2027<\/strong><\/td><td>30<\/td><\/tr><\/tbody><\/table><figcaption><strong>Total planificat pentru anul de studii 2026 -2027 33 cursuri<\/strong><\/figcaption><\/figure>\n","protected":false},"excerpt":{"rendered":"<p>Calendarul activit\u0103\u021bilor de instruire a cursurilor de formare continu\u0103 (perfec\u021bionare\/specializare\/recalificare), anul de studii 2026 \u2013 2027 (Ordinul MAI nr. 287 din 11.06.2026) Semestrul I Anul 2026-2027 Nr. crt. Denumirea cursului [&hellip;]<\/p>\n","protected":false},"author":8,"featured_media":0,"parent":123,"menu_order":0,"comment_status":"closed","ping_status":"closed","template":"","meta":[],"translation":{"provider":"WPGlobus","version":"2.12.2","language":"gb","enabled_languages":["ro","gb"],"languages":{"ro":{"title":true,"content":true,"excerpt":false},"gb":{"title":false,"content":false,"excerpt":false}}},"acf":[],"_links":{"self":[{"href":"https:\/\/academy.police.md\/gb\/wp-json\/wp\/v2\/pages\/7213"}],"collection":[{"href":"https:\/\/academy.police.md\/gb\/wp-json\/wp\/v2\/pages"}],"about":[{"href":"https:\/\/academy.police.md\/gb\/wp-json\/wp\/v2\/types\/page"}],"author":[{"embeddable":true,"href":"https:\/\/academy.police.md\/gb\/wp-json\/wp\/v2\/users\/8"}],"replies":[{"embeddable":true,"href":"https:\/\/academy.police.md\/gb\/wp-json\/wp\/v2\/comments?post=7213"}],"version-history":[{"count":6,"href":"https:\/\/academy.police.md\/gb\/wp-json\/wp\/v2\/pages\/7213\/revisions"}],"predecessor-version":[{"id":34635,"href":"https:\/\/academy.police.md\/gb\/wp-json\/wp\/v2\/pages\/7213\/revisions\/34635"}],"up":[{"embeddable":true,"href":"https:\/\/academy.police.md\/gb\/wp-json\/wp\/v2\/pages\/123"}],"wp:attachment":[{"href":"https:\/\/academy.police.md\/gb\/wp-json\/wp\/v2\/media?parent=7213"}],"curies":[{"name":"wp","href":"https:\/\/api.w.org\/{rel}","templated":true}]}}

Oferta educationala cursuri formare profesională

<p><strong>Calendarul activităților de instruire</strong> <strong>a cursurilor de formare continuă (perfecționare/specializare/recalificare),</strong> <strong>anul de studii 2026 – 2027</strong> <em><strong>(</strong></em><strong><em>Ordinul MAI nr. 287 din 11.06.2026)</em></strong></p>



<p><strong>Semestrul I Anul 2026-2027</strong></p>



<figure class="wp-block-table"><table><tbody><tr><td><strong>Nr.</strong> <strong>crt.</strong></td><td><strong>Denumirea cursului</strong></td><td><strong>Număr de ore</strong></td><td><strong>Perioada desfăşurării</strong></td><td><strong>Planificat</strong></td></tr><tr></tr><tr></tr><tr></tr><tr></tr><tr></tr><tr></tr><tr></tr><tr></tr><tr></tr><tr><td>1</td><td><strong>Prevenirea şi combaterea traficului de ființe umane</strong></td><td>40</td><td><strong>07.09.2026-11.09.2026</strong></td><td>25</td></tr><tr></tr><tr></tr><tr></tr><tr></tr><tr></tr><tr></tr><tr></tr><tr></tr><tr></tr><tr><td>2</td><td><strong>Combaterea corupției și integritatea instituțională</strong></td><td>24</td><td><strong>14.09.2026-16.09.2026</strong></td><td>30</td></tr><tr></tr><tr></tr><tr></tr><tr></tr><tr></tr><tr></tr><tr></tr><tr></tr><tr></tr><tr><td>3</td><td><strong>Traficul de droguri</strong></td><td>24</td><td><strong>21.09.2026-23.09.2026</strong></td><td>25</td></tr><tr></tr><tr></tr><tr></tr><tr></tr><tr></tr><tr></tr><tr></tr><tr></tr><tr></tr><tr><td>4</td><td><strong>Prevenirea și combaterea violenței în familie (I)</strong></td><td>40</td><td><strong>28.09.2026-02.10.2026</strong></td><td>27</td></tr><tr></tr><tr></tr><tr></tr><tr></tr><tr></tr><tr></tr><tr></tr><tr></tr><tr></tr><tr><td>5</td><td><strong>Gestionarea frontierelor</strong></td><td>24</td><td><strong>05.10.2026-07.10.2026</strong></td><td>20</td></tr><tr></tr><tr></tr><tr></tr><tr></tr><tr></tr><tr></tr><tr></tr><tr></tr><tr></tr><tr><td>6</td><td><strong>Formare de formatori</strong> <strong>Cu suportul proiectului EU4security Moldova</strong></td><td>120</td><td><strong>septembrie – octombrie 2026</strong></td><td>20</td></tr><tr></tr><tr></tr><tr></tr><tr></tr><tr></tr><tr></tr><tr></tr><tr></tr><tr></tr><tr><td>7</td><td><strong>Activitatea specială de investigații</strong><strong>(I)</strong></td><td>40</td><td><strong>19.10.2026-23.10.2026</strong></td><td>20</td></tr><tr></tr><tr></tr><tr></tr><tr></tr><tr></tr><tr></tr><tr></tr><tr></tr><tr></tr><tr><td>8</td><td><strong>Ordine publică (I)</strong></td><td>40</td><td><strong>26.10.2026-30.10.2026</strong></td><td>25</td></tr><tr></tr><tr></tr><tr></tr><tr></tr><tr></tr><tr></tr><tr></tr><tr></tr><tr></tr><tr><td>9</td><td><strong>Combaterea traficului de migranți</strong><strong>(I)</strong> <strong>Cu suportul partenerilor</strong><strong>(proiect TOPCOP)</strong></td><td>24</td><td><strong>02.11.2026-04.11.2026</strong></td><td>20</td></tr><tr></tr><tr></tr><tr></tr><tr></tr><tr></tr><tr></tr><tr></tr><tr></tr><tr></tr><tr><td>10</td><td><strong>Curs de recalificare în domeniul: Activitatea de urmărire penală</strong></td><td>80</td><td><strong>02.11.2026-13.11.2026</strong></td><td>Număr neprevăzut de angajați</td></tr><tr></tr><tr></tr><tr></tr><tr></tr><tr></tr><tr></tr><tr></tr><tr></tr><tr></tr><tr><td>11</td><td><strong>Combaterea discriminării și protecția drepturilor omului (I)</strong></td><td>24</td><td><strong>16.11.2026-18.11.2026</strong></td><td>30</td></tr><tr></tr><tr></tr><tr></tr><tr></tr><tr></tr><tr></tr><tr></tr><tr></tr><tr></tr><tr><td>12</td><td><strong>Exploatarea sexuală a copiilor</strong></td><td>24</td><td><strong>16.11.2026-18.11.2026</strong></td><td>20</td></tr><tr></tr><tr></tr><tr></tr><tr></tr><tr></tr><tr></tr><tr></tr><tr></tr><tr></tr><tr><td>13</td><td><strong>Managementul documentelor publice și competențe transversale pentru eficiență administrativă</strong></td><td>16</td><td><strong>19.11.2026-20.11.2026</strong></td><td>25</td></tr><tr></tr><tr></tr><tr></tr><tr></tr><tr></tr><tr></tr><tr></tr><tr></tr><tr></tr><tr><td>14</td><td><strong>Consolidarea capacităţilor în domeniul ADN</strong></td><td>40</td><td><strong>23.11.2026-27.11.2026</strong></td><td>20</td></tr><tr></tr><tr></tr><tr></tr><tr></tr><tr></tr><tr></tr><tr></tr><tr></tr><tr></tr><tr><td>15</td><td><strong>Activitatea de urmărire penală (I)</strong></td><td>40</td><td><strong>30.11.2026-04.12.2026</strong></td><td>25</td></tr><tr></tr><tr></tr><tr></tr><tr></tr><tr></tr><tr></tr><tr></tr><tr></tr><tr></tr><tr><td>16</td><td><strong>Constatarea şi documentarea contravenţiilor</strong></td><td>40</td><td><strong>07.12.2026-11.12.2026</strong></td><td>25</td></tr><tr></tr><tr></tr><tr></tr><tr></tr><tr></tr><tr></tr><tr></tr><tr></tr><tr></tr><tr><td>17</td><td><strong>Etichetă şi protocol instituţional</strong></td><td>16</td><td><strong>14.12.2026-15.12.2026</strong></td><td>18</td></tr></tbody></table></figure>



<p><strong>Semestrul II Anul 2026-2027</strong></p>



<figure class="wp-block-table"><table><tbody><tr><td><strong>Nr.</strong> <strong>crt.</strong></td><td><strong>Denumirea cursului</strong></td><td><strong>Număr de ore</strong></td><td><strong>Perioada desfăşurării</strong></td><td><strong>Planificat</strong></td></tr><tr><td>1</td><td><strong>Intervenția profesională (Tehnician)</strong></td><td>80</td><td><strong>18.01.2027-29.01.2027</strong></td><td>25</td></tr><tr><td>2</td><td><strong>Curs de recalificare în domeniul: Activitatea specială de investigații</strong></td><td>80</td><td><strong>01.02.2027</strong><strong>&#8211;</strong><strong>12.02.2027</strong></td><td>Număr neprevăzut de angajați</td></tr><tr><td>3</td><td><strong>Trafic ilicit de arme</strong></td><td>24</td><td><strong>15.02.2027-17.02.2027</strong></td><td>20</td></tr><tr><td>4</td><td><strong>Activitatea de urmărire penală (II)</strong></td><td>40</td><td><strong>22.02.2027-26.02.2027</strong></td><td>25</td></tr><tr><td>5</td><td><strong>Combaterea traficului de migranți</strong><strong>(II)</strong> <strong>Cu suportul partenerilor</strong><strong>(proiect TOPCOP)</strong></td><td>24</td><td><strong>01.03.2027-03.03.2027</strong></td><td>20</td></tr><tr><td>6</td><td><strong>Formare de formatori</strong> <em><strong>Cu suportul proiectului EU4security Moldova</strong></em></td><td>120</td><td><strong>februarie– aprilie 2027</strong></td><td>20</td></tr><tr><td>7</td><td><strong>Prevenirea şi combaterea traficului de ființe umane (II)</strong></td><td>40</td><td><strong>15.03.2027-19.03.2027</strong></td><td>25</td></tr><tr><td>8</td><td><strong>Cercetarea la faţa locului</strong></td><td>40</td><td><strong>22.03.2027-26.03.2027</strong></td><td>20</td></tr><tr><td>9</td><td><strong>Prevenirea și combaterea violenței în familie (II)</strong></td><td>40</td><td><strong>29.03.2027-02.04.2027</strong></td><td>20</td></tr><tr><td>10</td><td><strong>Ordine publică (II)</strong></td><td>40</td><td><strong>05.04.2027-09.04.2027</strong></td><td>25</td></tr><tr><td>11</td><td><strong>Activitatea specială de investigații (II)</strong></td><td>40</td><td><strong>12.04.2027-16.04.2027</strong></td><td>25</td></tr><tr><td>12</td><td><strong>Criminalitate informatică și investigații digitale</strong></td><td>24</td><td><strong>19.04.2027-21.04.2027</strong></td><td>20</td></tr><tr><td>13</td><td><strong>Combaterea discriminării și protecția drepturilor omului (II)</strong></td><td>24</td><td><strong>26.04.2027-28.04.2027</strong></td><td>30</td></tr><tr><td>14</td><td><strong>Migrație și Azil</strong></td><td>40</td><td><strong>17.05.2027-21.05.2027</strong></td><td>20</td></tr><tr><td>15</td><td><strong>Intervenția profesională (Tehnician)</strong></td><td>80</td><td><strong>24.05.2027-04.06.2027</strong></td><td>25</td></tr><tr><td>16</td><td><strong>Comunicarea eficientă în context profesional</strong></td><td>24</td><td><strong>31.05.2027-02.06.2027</strong></td><td>30</td></tr></tbody></table><figcaption><strong>Total planificat pentru anul de studii 2026 -2027 33 cursuri</strong></figcaption></figure>

<p>Calendarul activităților de instruire a cursurilor de formare continuă (perfecționare/specializare/recalificare), anul de studii 2026 – 2027 (Ordinul MAI nr. 287 din 11.06.2026) Semestrul I Anul 2026-2027 Nr. crt. Denumirea cursului [&hellip;]</p>
